{"id":623,"date":"2024-07-07T15:57:59","date_gmt":"2024-07-07T13:57:59","guid":{"rendered":"https:\/\/martin-ardouin.de\/showroom\/Enije_Styleguide\/?page_id=623"},"modified":"2024-07-09T22:36:14","modified_gmt":"2024-07-09T20:36:14","slug":"bildwelt","status":"publish","type":"page","link":"https:\/\/martin-ardouin.de\/showroom\/Enije_Styleguide\/bildwelt\/","title":{"rendered":"Bildwelt"},"content":{"rendered":"\t\t<div data-elementor-type=\"wp-page\" data-elementor-id=\"623\" class=\"elementor elementor-623\" data-elementor-post-type=\"page\">\n\t\t\t\t<div class=\"elementor-element elementor-element-dfc5521 e-flex e-con-boxed e-con e-parent\" data-id=\"dfc5521\" data-element_type=\"container\" data-settings=\"{&quot;background_background&quot;:&quot;classic&quot;}\">\n\t\t\t\t\t<div class=\"e-con-inner\">\n\t\t<div class=\"elementor-element elementor-element-ad93643 e-con-full e-flex e-con e-child\" data-id=\"ad93643\" data-element_type=\"container\">\n\t\t\t\t<div class=\"elementor-element elementor-element-82f3308 elementor-widget elementor-widget-spacer\" data-id=\"82f3308\" data-element_type=\"widget\" data-widget_type=\"spacer.default\">\n\t\t\t\t<div class=\"elementor-widget-container\">\n\t\t\t<style>\/*! elementor - v3.22.0 - 26-06-2024 *\/\n.elementor-column .elementor-spacer-inner{height:var(--spacer-size)}.e-con{--container-widget-width:100%}.e-con-inner>.elementor-widget-spacer,.e-con>.elementor-widget-spacer{width:var(--container-widget-width,var(--spacer-size));--align-self:var(--container-widget-align-self,initial);--flex-shrink:0}.e-con-inner>.elementor-widget-spacer>.elementor-widget-container,.e-con>.elementor-widget-spacer>.elementor-widget-container{height:100%;width:100%}.e-con-inner>.elementor-widget-spacer>.elementor-widget-container>.elementor-spacer,.e-con>.elementor-widget-spacer>.elementor-widget-container>.elementor-spacer{height:100%}.e-con-inner>.elementor-widget-spacer>.elementor-widget-container>.elementor-spacer>.elementor-spacer-inner,.e-con>.elementor-widget-spacer>.elementor-widget-container>.elementor-spacer>.elementor-spacer-inner{height:var(--container-widget-height,var(--spacer-size))}.e-con-inner>.elementor-widget-spacer.elementor-widget-empty,.e-con>.elementor-widget-spacer.elementor-widget-empty{position:relative;min-height:22px;min-width:22px}.e-con-inner>.elementor-widget-spacer.elementor-widget-empty .elementor-widget-empty-icon,.e-con>.elementor-widget-spacer.elementor-widget-empty .elementor-widget-empty-icon{position:absolute;top:0;bottom:0;left:0;right:0;margin:auto;padding:0;width:22px;height:22px}<\/style>\t\t<div class=\"elementor-spacer\">\n\t\t\t<div class=\"elementor-spacer-inner\"><\/div>\n\t\t<\/div>\n\t\t\t\t<\/div>\n\t\t\t\t<\/div>\n\t\t\t\t<div class=\"elementor-element elementor-element-2d26cfc elementor-widget elementor-widget-heading\" data-id=\"2d26cfc\" data-element_type=\"widget\" data-widget_type=\"heading.default\">\n\t\t\t\t<div class=\"elementor-widget-container\">\n\t\t\t<style>\/*! elementor - v3.22.0 - 26-06-2024 *\/\n.elementor-heading-title{padding:0;margin:0;line-height:1}.elementor-widget-heading .elementor-heading-title[class*=elementor-size-]>a{color:inherit;font-size:inherit;line-height:inherit}.elementor-widget-heading .elementor-heading-title.elementor-size-small{font-size:15px}.elementor-widget-heading .elementor-heading-title.elementor-size-medium{font-size:19px}.elementor-widget-heading .elementor-heading-title.elementor-size-large{font-size:29px}.elementor-widget-heading .elementor-heading-title.elementor-size-xl{font-size:39px}.elementor-widget-heading .elementor-heading-title.elementor-size-xxl{font-size:59px}<\/style><h2 class=\"elementor-heading-title elementor-size-default\">Bildwelt<\/h2>\t\t<\/div>\n\t\t\t\t<\/div>\n\t\t\t\t<div class=\"elementor-element elementor-element-237caf0 elementor-widget elementor-widget-image\" data-id=\"237caf0\" data-element_type=\"widget\" data-widget_type=\"image.default\">\n\t\t\t\t<div class=\"elementor-widget-container\">\n\t\t\t<style>\/*! elementor - v3.22.0 - 26-06-2024 *\/\n.elementor-widget-image{text-align:center}.elementor-widget-image a{display:inline-block}.elementor-widget-image a img[src$=\".svg\"]{width:48px}.elementor-widget-image img{vertical-align:middle;display:inline-block}<\/style>\t\t\t\t\t\t\t\t\t\t<img decoding=\"async\" width=\"50\" height=\"5\" src=\"https:\/\/martin-ardouin.de\/showroom\/Enije_Styleguide\/wp-content\/uploads\/2023\/10\/Texttrenner_ZickZack.svg\" class=\"attachment-full size-full wp-image-110\" alt=\"\" \/>\t\t\t\t\t\t\t\t\t\t\t\t\t<\/div>\n\t\t\t\t<\/div>\n\t\t\t\t<div class=\"elementor-element elementor-element-76c17bc elementor-widget elementor-widget-text-editor\" data-id=\"76c17bc\" data-element_type=\"widget\" data-widget_type=\"text-editor.default\">\n\t\t\t\t<div class=\"elementor-widget-container\">\n\t\t\t<style>\/*! elementor - v3.22.0 - 26-06-2024 *\/\n.elementor-widget-text-editor.elementor-drop-cap-view-stacked .elementor-drop-cap{background-color:#69727d;color:#fff}.elementor-widget-text-editor.elementor-drop-cap-view-framed .elementor-drop-cap{color:#69727d;border:3px solid;background-color:transparent}.elementor-widget-text-editor:not(.elementor-drop-cap-view-default) .elementor-drop-cap{margin-top:8px}.elementor-widget-text-editor:not(.elementor-drop-cap-view-default) .elementor-drop-cap-letter{width:1em;height:1em}.elementor-widget-text-editor .elementor-drop-cap{float:left;text-align:center;line-height:1;font-size:50px}.elementor-widget-text-editor .elementor-drop-cap-letter{display:inline-block}<\/style>\t\t\t\t<p class=\"zheditor-p\" data-block-id=\"8b40228eda\" data-pm-slice=\"1 1 []\">Hier steht der Mensch in Aktion im Mittelpunkt, mit all seinen \u201eEcken und Kanten\u201c.<\/p>\t\t\t\t\t\t<\/div>\n\t\t\t\t<\/div>\n\t\t\t\t<\/div>\n\t\t<div class=\"elementor-element elementor-element-306e87a e-con-full elementor-hidden-mobile e-flex e-con e-child\" data-id=\"306e87a\" data-element_type=\"container\" data-settings=\"{&quot;sticky&quot;:&quot;top&quot;,&quot;sticky_offset&quot;:162,&quot;sticky_on&quot;:[&quot;widescreen&quot;,&quot;desktop&quot;,&quot;laptop&quot;,&quot;tablet_extra&quot;,&quot;tablet&quot;,&quot;mobile_extra&quot;,&quot;mobile&quot;],&quot;sticky_effects_offset&quot;:0}\">\n\t\t\t\t<div class=\"elementor-element elementor-element-0592b85 elementor-nav-menu__align-left elementor-nav-menu--dropdown-none elementor-widget-mobile_extra__width-inherit elementor-widget elementor-widget-nav-menu\" data-id=\"0592b85\" data-element_type=\"widget\" data-settings=\"{&quot;layout&quot;:&quot;vertical&quot;,&quot;submenu_icon&quot;:{&quot;value&quot;:&quot;&lt;i class=\\&quot;fas fa-caret-down\\&quot;&gt;&lt;\\\/i&gt;&quot;,&quot;library&quot;:&quot;fa-solid&quot;}}\" data-widget_type=\"nav-menu.default\">\n\t\t\t\t<div class=\"elementor-widget-container\">\n\t\t\t<link rel=\"stylesheet\" href=\"https:\/\/martin-ardouin.de\/showroom\/Enije_Styleguide\/wp-content\/uploads\/elementor\/css\/custom-pro-widget-nav-menu.min.css?ver=1730822197\">\t\t\t<nav class=\"elementor-nav-menu--main elementor-nav-menu__container elementor-nav-menu--layout-vertical e--pointer-background e--animation-fade\">\n\t\t\t\t<ul id=\"menu-1-0592b85\" class=\"elementor-nav-menu sm-vertical\"><li class=\"menu-item menu-item-type-post_type menu-item-object-page menu-item-495\"><a href=\"https:\/\/martin-ardouin.de\/showroom\/Enije_Styleguide\/farben\/\" class=\"elementor-item\">Farben<\/a><\/li>\n<li class=\"menu-item menu-item-type-post_type menu-item-object-page menu-item-493\"><a href=\"https:\/\/martin-ardouin.de\/showroom\/Enije_Styleguide\/typografie\/\" class=\"elementor-item\">Typografie<\/a><\/li>\n<li class=\"menu-item menu-item-type-post_type menu-item-object-page menu-item-494\"><a href=\"https:\/\/martin-ardouin.de\/showroom\/Enije_Styleguide\/formen\/\" class=\"elementor-item\">Formen<\/a><\/li>\n<li class=\"menu-item menu-item-type-post_type menu-item-object-page menu-item-625\"><a href=\"https:\/\/martin-ardouin.de\/showroom\/Enije_Styleguide\/bildwelt\/\" class=\"elementor-item\">Bildwelt<\/a><\/li>\n<li class=\"menu-item menu-item-type-post_type menu-item-object-page menu-item-605\"><a href=\"https:\/\/martin-ardouin.de\/showroom\/Enije_Styleguide\/beispiele\/\" class=\"elementor-item\">Anwendungsbeispiele<\/a><\/li>\n<\/ul>\t\t\t<\/nav>\n\t\t\t\t\t\t<nav class=\"elementor-nav-menu--dropdown elementor-nav-menu__container\" aria-hidden=\"true\">\n\t\t\t\t<ul id=\"menu-2-0592b85\" class=\"elementor-nav-menu sm-vertical\"><li class=\"menu-item menu-item-type-post_type menu-item-object-page menu-item-495\"><a href=\"https:\/\/martin-ardouin.de\/showroom\/Enije_Styleguide\/farben\/\" class=\"elementor-item\" tabindex=\"-1\">Farben<\/a><\/li>\n<li class=\"menu-item menu-item-type-post_type menu-item-object-page menu-item-493\"><a href=\"https:\/\/martin-ardouin.de\/showroom\/Enije_Styleguide\/typografie\/\" class=\"elementor-item\" tabindex=\"-1\">Typografie<\/a><\/li>\n<li class=\"menu-item menu-item-type-post_type menu-item-object-page menu-item-494\"><a href=\"https:\/\/martin-ardouin.de\/showroom\/Enije_Styleguide\/formen\/\" class=\"elementor-item\" tabindex=\"-1\">Formen<\/a><\/li>\n<li class=\"menu-item menu-item-type-post_type menu-item-object-page menu-item-625\"><a href=\"https:\/\/martin-ardouin.de\/showroom\/Enije_Styleguide\/bildwelt\/\" class=\"elementor-item\" tabindex=\"-1\">Bildwelt<\/a><\/li>\n<li class=\"menu-item menu-item-type-post_type menu-item-object-page menu-item-605\"><a href=\"https:\/\/martin-ardouin.de\/showroom\/Enije_Styleguide\/beispiele\/\" class=\"elementor-item\" tabindex=\"-1\">Anwendungsbeispiele<\/a><\/li>\n<\/ul>\t\t\t<\/nav>\n\t\t\t\t<\/div>\n\t\t\t\t<\/div>\n\t\t\t\t<\/div>\n\t\t\t\t\t<\/div>\n\t\t\t\t<\/div>\n\t\t<div class=\"elementor-element elementor-element-2df15ba e-flex e-con-boxed e-con e-parent\" data-id=\"2df15ba\" data-element_type=\"container\">\n\t\t\t\t\t<div class=\"e-con-inner\">\n\t\t<div class=\"elementor-element elementor-element-90450b8 e-con-full e-flex e-con e-child\" data-id=\"90450b8\" data-element_type=\"container\">\n\t\t\t\t<div class=\"elementor-element elementor-element-28132c9 elementor-widget elementor-widget-spacer\" data-id=\"28132c9\" data-element_type=\"widget\" data-widget_type=\"spacer.default\">\n\t\t\t\t<div class=\"elementor-widget-container\">\n\t\t\t\t\t<div class=\"elementor-spacer\">\n\t\t\t<div class=\"elementor-spacer-inner\"><\/div>\n\t\t<\/div>\n\t\t\t\t<\/div>\n\t\t\t\t<\/div>\n\t\t\t\t<div class=\"elementor-element elementor-element-8f6878f elementor-widget elementor-widget-heading\" data-id=\"8f6878f\" data-element_type=\"widget\" data-widget_type=\"heading.default\">\n\t\t\t\t<div class=\"elementor-widget-container\">\n\t\t\t<h4 class=\"elementor-heading-title elementor-size-default\">Bildsprache<\/h4>\t\t<\/div>\n\t\t\t\t<\/div>\n\t\t\t\t<div class=\"elementor-element elementor-element-b4cc55a elementor-widget elementor-widget-text-editor\" data-id=\"b4cc55a\" data-element_type=\"widget\" data-widget_type=\"text-editor.default\">\n\t\t\t\t<div class=\"elementor-widget-container\">\n\t\t\t\t\t\t\t<p>Enije ist ein explizit integrativer und multikultureller Verein. Das sollte sich auch in der Bildwahl widerspiegeln. Verwende also definitiv Bilder von Menschen verschiedener Herk\u00fcnfte, Backgrounds und achte auf Geschlechtervielfalt.<\/p><p>Wichtig ist: Der Mensch steht im Fokus, mit allen seinen Ecken und Kanten. Menschen in Aktion sind ausdr\u00fccklich erw\u00fcnscht. Wo m\u00f6glich, sollte auf das Enije Bildarchiv zur\u00fcckgegriffen werden. Unter keinen Umst\u00e4nden glattgeleckte Stockphotos verwenden!<\/p>\t\t\t\t\t\t<\/div>\n\t\t\t\t<\/div>\n\t\t\t\t<div class=\"elementor-element elementor-element-46db2dd elementor-widget elementor-widget-image\" data-id=\"46db2dd\" data-element_type=\"widget\" data-widget_type=\"image.default\">\n\t\t\t\t<div class=\"elementor-widget-container\">\n\t\t\t\t\t\t\t\t\t\t\t\t\t<img fetchpriority=\"high\" decoding=\"async\" width=\"800\" height=\"969\" src=\"https:\/\/martin-ardouin.de\/showroom\/Enije_Styleguide\/wp-content\/uploads\/2024\/07\/Bildsprache.jpg\" class=\"attachment-large size-large wp-image-628\" alt=\"\" srcset=\"https:\/\/martin-ardouin.de\/showroom\/Enije_Styleguide\/wp-content\/uploads\/2024\/07\/Bildsprache.jpg 842w, https:\/\/martin-ardouin.de\/showroom\/Enije_Styleguide\/wp-content\/uploads\/2024\/07\/Bildsprache-248x300.jpg 248w, https:\/\/martin-ardouin.de\/showroom\/Enije_Styleguide\/wp-content\/uploads\/2024\/07\/Bildsprache-768x930.jpg 768w\" sizes=\"(max-width: 800px) 100vw, 800px\" \/>\t\t\t\t\t\t\t\t\t\t\t\t\t<\/div>\n\t\t\t\t<\/div>\n\t\t\t\t<div class=\"elementor-element elementor-element-7f8edb6 elementor-widget elementor-widget-spacer\" data-id=\"7f8edb6\" data-element_type=\"widget\" data-widget_type=\"spacer.default\">\n\t\t\t\t<div class=\"elementor-widget-container\">\n\t\t\t\t\t<div class=\"elementor-spacer\">\n\t\t\t<div class=\"elementor-spacer-inner\"><\/div>\n\t\t<\/div>\n\t\t\t\t<\/div>\n\t\t\t\t<\/div>\n\t\t\t\t<\/div>\n\t\t\t\t\t<\/div>\n\t\t\t\t<\/div>\n\t\t<div class=\"elementor-element elementor-element-0aaa0c0 e-flex e-con-boxed e-con e-parent\" data-id=\"0aaa0c0\" data-element_type=\"container\">\n\t\t\t\t\t<div class=\"e-con-inner\">\n\t\t<div class=\"elementor-element elementor-element-3c6339f e-con-full e-flex e-con e-child\" data-id=\"3c6339f\" data-element_type=\"container\">\n\t\t\t\t<div class=\"elementor-element elementor-element-f4a90b8 elementor-widget elementor-widget-heading\" data-id=\"f4a90b8\" data-element_type=\"widget\" data-widget_type=\"heading.default\">\n\t\t\t\t<div class=\"elementor-widget-container\">\n\t\t\t<h4 class=\"elementor-heading-title elementor-size-default\">F\u00e4rbung<\/h4>\t\t<\/div>\n\t\t\t\t<\/div>\n\t\t\t\t<div class=\"elementor-element elementor-element-3932e9e elementor-widget elementor-widget-text-editor\" data-id=\"3932e9e\" data-element_type=\"widget\" data-widget_type=\"text-editor.default\">\n\t\t\t\t<div class=\"elementor-widget-container\">\n\t\t\t\t\t\t\t<p>Fotos k\u00f6nnen aufgrund der verschiedenen Lichtverh\u00e4ltnisse und Farbgebung manchmal sehr unterschiedlich wirken. Um eine Einheitlichkeit und einen Widererkennungswert herzustellen k\u00f6nnen Bilder auch in den Enije-Farben eingef\u00e4rbt werden.\u00a0<\/p><p>Je nach Bild kann man diese noch etwas anpassen. Wichtig ist nur, dass die Farben knallig sind und das Motiv noch gut zu erkennen ist.<\/p><p>Pro-Tip: Eingef\u00e4rbte Bilder eignen sich super, um Texte darauf zu platzieren!<\/p>\t\t\t\t\t\t<\/div>\n\t\t\t\t<\/div>\n\t\t\t\t<div class=\"elementor-element elementor-element-f99e6a6 elementor-widget elementor-widget-image\" data-id=\"f99e6a6\" data-element_type=\"widget\" data-widget_type=\"image.default\">\n\t\t\t\t<div class=\"elementor-widget-container\">\n\t\t\t\t\t\t\t\t\t\t\t\t\t<img decoding=\"async\" width=\"800\" height=\"345\" src=\"https:\/\/martin-ardouin.de\/showroom\/Enije_Styleguide\/wp-content\/uploads\/2024\/07\/Bild_Farbe-1024x442.jpg\" class=\"attachment-large size-large wp-image-629\" alt=\"\" srcset=\"https:\/\/martin-ardouin.de\/showroom\/Enije_Styleguide\/wp-content\/uploads\/2024\/07\/Bild_Farbe-1024x442.jpg 1024w, https:\/\/martin-ardouin.de\/showroom\/Enije_Styleguide\/wp-content\/uploads\/2024\/07\/Bild_Farbe-300x130.jpg 300w, https:\/\/martin-ardouin.de\/showroom\/Enije_Styleguide\/wp-content\/uploads\/2024\/07\/Bild_Farbe-768x332.jpg 768w, https:\/\/martin-ardouin.de\/showroom\/Enije_Styleguide\/wp-content\/uploads\/2024\/07\/Bild_Farbe.jpg 1200w\" sizes=\"(max-width: 800px) 100vw, 800px\" \/>\t\t\t\t\t\t\t\t\t\t\t\t\t<\/div>\n\t\t\t\t<\/div>\n\t\t\t\t<div class=\"elementor-element elementor-element-a55e44c elementor-widget elementor-widget-image\" data-id=\"a55e44c\" data-element_type=\"widget\" data-widget_type=\"image.default\">\n\t\t\t\t<div class=\"elementor-widget-container\">\n\t\t\t\t\t\t\t\t\t\t\t\t\t<img loading=\"lazy\" decoding=\"async\" width=\"800\" height=\"570\" src=\"https:\/\/martin-ardouin.de\/showroom\/Enije_Styleguide\/wp-content\/uploads\/2024\/07\/Bild_Farbe_Text-1024x729.jpg\" class=\"attachment-large size-large wp-image-630\" alt=\"\" srcset=\"https:\/\/martin-ardouin.de\/showroom\/Enije_Styleguide\/wp-content\/uploads\/2024\/07\/Bild_Farbe_Text-1024x729.jpg 1024w, https:\/\/martin-ardouin.de\/showroom\/Enije_Styleguide\/wp-content\/uploads\/2024\/07\/Bild_Farbe_Text-300x214.jpg 300w, https:\/\/martin-ardouin.de\/showroom\/Enije_Styleguide\/wp-content\/uploads\/2024\/07\/Bild_Farbe_Text-768x547.jpg 768w, https:\/\/martin-ardouin.de\/showroom\/Enije_Styleguide\/wp-content\/uploads\/2024\/07\/Bild_Farbe_Text.jpg 1200w\" sizes=\"(max-width: 800px) 100vw, 800px\" \/>\t\t\t\t\t\t\t\t\t\t\t\t\t<\/div>\n\t\t\t\t<\/div>\n\t\t\t\t<div class=\"elementor-element elementor-element-6c3e075 elementor-widget elementor-widget-spacer\" data-id=\"6c3e075\" data-element_type=\"widget\" data-widget_type=\"spacer.default\">\n\t\t\t\t<div class=\"elementor-widget-container\">\n\t\t\t\t\t<div class=\"elementor-spacer\">\n\t\t\t<div class=\"elementor-spacer-inner\"><\/div>\n\t\t<\/div>\n\t\t\t\t<\/div>\n\t\t\t\t<\/div>\n\t\t\t\t<\/div>\n\t\t<div class=\"elementor-element elementor-element-877aaee e-con-full e-flex e-con e-child\" data-id=\"877aaee\" data-element_type=\"container\">\n\t\t\t\t<div class=\"elementor-element elementor-element-1a9ba6b elementor-widget elementor-widget-heading\" data-id=\"1a9ba6b\" data-element_type=\"widget\" data-widget_type=\"heading.default\">\n\t\t\t\t<div class=\"elementor-widget-container\">\n\t\t\t<h4 class=\"elementor-heading-title elementor-size-default\">Freigestellt<\/h4>\t\t<\/div>\n\t\t\t\t<\/div>\n\t\t\t\t<div class=\"elementor-element elementor-element-d5dbde9 elementor-widget elementor-widget-text-editor\" data-id=\"d5dbde9\" data-element_type=\"widget\" data-widget_type=\"text-editor.default\">\n\t\t\t\t<div class=\"elementor-widget-container\">\n\t\t\t\t\t\t\t<p>Freigestellte Bilder sind immer ein Blickfang. Umsomehr in Kombination mit den Enije-Formen. Sie eignen sich zum Beispiel perfekt, um einzelne K\u00fcnstler oder Redner hervorzuheben.\u00a0<\/p><p>Um das Ganze noch etwas interessanter zu gestalten: Lass einzelne Bereiche hinter den Formen verschwinden und andere aus ihnen herausragen. Diese verscheidenen Ebenen verleihen dem Motiv ein Gef\u00fchl von Tiefe.<\/p>\t\t\t\t\t\t<\/div>\n\t\t\t\t<\/div>\n\t\t\t\t<div class=\"elementor-element elementor-element-5d33312 elementor-widget elementor-widget-image\" data-id=\"5d33312\" data-element_type=\"widget\" data-widget_type=\"image.default\">\n\t\t\t\t<div class=\"elementor-widget-container\">\n\t\t\t\t\t\t\t\t\t\t\t\t\t<img loading=\"lazy\" decoding=\"async\" width=\"800\" height=\"867\" src=\"https:\/\/martin-ardouin.de\/showroom\/Enije_Styleguide\/wp-content\/uploads\/2024\/07\/Freigestellt_2-945x1024.png\" class=\"attachment-large size-large wp-image-634\" alt=\"\" srcset=\"https:\/\/martin-ardouin.de\/showroom\/Enije_Styleguide\/wp-content\/uploads\/2024\/07\/Freigestellt_2-945x1024.png 945w, https:\/\/martin-ardouin.de\/showroom\/Enije_Styleguide\/wp-content\/uploads\/2024\/07\/Freigestellt_2-277x300.png 277w, https:\/\/martin-ardouin.de\/showroom\/Enije_Styleguide\/wp-content\/uploads\/2024\/07\/Freigestellt_2-768x832.png 768w, https:\/\/martin-ardouin.de\/showroom\/Enije_Styleguide\/wp-content\/uploads\/2024\/07\/Freigestellt_2.png 1355w\" sizes=\"(max-width: 800px) 100vw, 800px\" \/>\t\t\t\t\t\t\t\t\t\t\t\t\t<\/div>\n\t\t\t\t<\/div>\n\t\t\t\t<div class=\"elementor-element elementor-element-b0ea527 elementor-widget elementor-widget-spacer\" data-id=\"b0ea527\" data-element_type=\"widget\" data-widget_type=\"spacer.default\">\n\t\t\t\t<div class=\"elementor-widget-container\">\n\t\t\t\t\t<div class=\"elementor-spacer\">\n\t\t\t<div class=\"elementor-spacer-inner\"><\/div>\n\t\t<\/div>\n\t\t\t\t<\/div>\n\t\t\t\t<\/div>\n\t\t\t\t<\/div>\n\t\t\t\t\t<\/div>\n\t\t\t\t<\/div>\n\t\t<div class=\"elementor-element elementor-element-bae76b6 e-flex e-con-boxed e-con e-parent\" data-id=\"bae76b6\" data-element_type=\"container\">\n\t\t\t\t\t<div class=\"e-con-inner\">\n\t\t<div class=\"elementor-element elementor-element-d0ba92b e-con-full e-flex e-con e-child\" data-id=\"d0ba92b\" data-element_type=\"container\">\n\t\t<div class=\"elementor-element elementor-element-fa6180c e-con-full e-flex e-con e-child\" data-id=\"fa6180c\" data-element_type=\"container\">\n\t\t\t\t<div class=\"elementor-element elementor-element-85c7ef5 elementor-widget elementor-widget-button\" data-id=\"85c7ef5\" data-element_type=\"widget\" data-widget_type=\"button.default\">\n\t\t\t\t<div class=\"elementor-widget-container\">\n\t\t\t\t\t<div class=\"elementor-button-wrapper\">\n\t\t\t<a class=\"elementor-button elementor-button-link elementor-size-sm\" href=\"https:\/\/martin-ardouin.de\/showroom\/Enije_Styleguide\/formen\/\">\n\t\t\t\t\t\t<span class=\"elementor-button-content-wrapper\">\n\t\t\t\t\t\t<span class=\"elementor-button-icon\">\n\t\t\t\t<i aria-hidden=\"true\" class=\"fas fa-angle-left\"><\/i>\t\t\t<\/span>\n\t\t\t\t\t\t\t\t\t<span class=\"elementor-button-text\">Formen<\/span>\n\t\t\t\t\t<\/span>\n\t\t\t\t\t<\/a>\n\t\t<\/div>\n\t\t\t\t<\/div>\n\t\t\t\t<\/div>\n\t\t\t\t<\/div>\n\t\t<div class=\"elementor-element elementor-element-0eb9b0e e-con-full e-flex e-con e-child\" data-id=\"0eb9b0e\" data-element_type=\"container\">\n\t\t\t\t<div class=\"elementor-element elementor-element-e943a4c elementor-widget elementor-widget-button\" data-id=\"e943a4c\" data-element_type=\"widget\" data-widget_type=\"button.default\">\n\t\t\t\t<div class=\"elementor-widget-container\">\n\t\t\t\t\t<div class=\"elementor-button-wrapper\">\n\t\t\t<a class=\"elementor-button elementor-button-link elementor-size-sm\" href=\"https:\/\/martin-ardouin.de\/showroom\/Enije_Styleguide\/beispiele\/\">\n\t\t\t\t\t\t<span class=\"elementor-button-content-wrapper\">\n\t\t\t\t\t\t<span class=\"elementor-button-icon\">\n\t\t\t\t<i aria-hidden=\"true\" class=\"fas fa-angle-right\"><\/i>\t\t\t<\/span>\n\t\t\t\t\t\t\t\t\t<span class=\"elementor-button-text\">Anwendungsbeispiele<\/span>\n\t\t\t\t\t<\/span>\n\t\t\t\t\t<\/a>\n\t\t<\/div>\n\t\t\t\t<\/div>\n\t\t\t\t<\/div>\n\t\t\t\t<\/div>\n\t\t\t\t<\/div>\n\t\t\t\t\t<\/div>\n\t\t\t\t<\/div>\n\t\t\t\t<\/div>\n\t\t","protected":false},"excerpt":{"rendered":"<p>Bildwelt Hier steht der Mensch in Aktion im Mittelpunkt, mit all seinen \u201eEcken und Kanten\u201c. Bildsprache Enije ist ein explizit integrativer und multikultureller Verein. Das sollte sich auch in der Bildwahl widerspiegeln. Verwende also definitiv Bilder von Menschen verschiedener Herk\u00fcnfte, Backgrounds und achte auf Geschlechtervielfalt. Wichtig ist: Der Mensch steht im Fokus, mit allen seinen [&hellip;]<\/p>\n","protected":false},"author":1,"featured_media":0,"parent":0,"menu_order":0,"comment_status":"closed","ping_status":"closed","template":"","meta":{"_acf_changed":false,"inline_featured_image":false,"footnotes":""},"class_list":["post-623","page","type-page","status-publish","hentry"],"acf":[],"_links":{"self":[{"href":"https:\/\/martin-ardouin.de\/showroom\/Enije_Styleguide\/wp-json\/wp\/v2\/pages\/623","targetHints":{"allow":["GET"]}}],"collection":[{"href":"https:\/\/martin-ardouin.de\/showroom\/Enije_Styleguide\/wp-json\/wp\/v2\/pages"}],"about":[{"href":"https:\/\/martin-ardouin.de\/showroom\/Enije_Styleguide\/wp-json\/wp\/v2\/types\/page"}],"author":[{"embeddable":true,"href":"https:\/\/martin-ardouin.de\/showroom\/Enije_Styleguide\/wp-json\/wp\/v2\/users\/1"}],"replies":[{"embeddable":true,"href":"https:\/\/martin-ardouin.de\/showroom\/Enije_Styleguide\/wp-json\/wp\/v2\/comments?post=623"}],"version-history":[{"count":34,"href":"https:\/\/martin-ardouin.de\/showroom\/Enije_Styleguide\/wp-json\/wp\/v2\/pages\/623\/revisions"}],"predecessor-version":[{"id":1445,"href":"https:\/\/martin-ardouin.de\/showroom\/Enije_Styleguide\/wp-json\/wp\/v2\/pages\/623\/revisions\/1445"}],"wp:attachment":[{"href":"https:\/\/martin-ardouin.de\/showroom\/Enije_Styleguide\/wp-json\/wp\/v2\/media?parent=623"}],"curies":[{"name":"wp","href":"https:\/\/api.w.org\/{rel}","templated":true}]}}