{"id":459,"date":"2024-07-06T17:00:32","date_gmt":"2024-07-06T15:00:32","guid":{"rendered":"https:\/\/martin-ardouin.de\/showroom\/Enije_Styleguide\/?page_id=459"},"modified":"2024-07-09T23:18:22","modified_gmt":"2024-07-09T21:18:22","slug":"formen","status":"publish","type":"page","link":"https:\/\/martin-ardouin.de\/showroom\/Enije_Styleguide\/formen\/","title":{"rendered":"Formen"},"content":{"rendered":"\t\t<div data-elementor-type=\"wp-page\" data-elementor-id=\"459\" class=\"elementor elementor-459\" data-elementor-post-type=\"page\">\n\t\t\t\t<div class=\"elementor-element elementor-element-dfc5521 e-flex e-con-boxed e-con e-parent\" data-id=\"dfc5521\" data-element_type=\"container\" data-settings=\"{&quot;background_background&quot;:&quot;classic&quot;}\">\n\t\t\t\t\t<div class=\"e-con-inner\">\n\t\t<div class=\"elementor-element elementor-element-ad93643 e-con-full e-flex e-con e-child\" data-id=\"ad93643\" data-element_type=\"container\">\n\t\t\t\t<div class=\"elementor-element elementor-element-82f3308 elementor-widget elementor-widget-spacer\" data-id=\"82f3308\" data-element_type=\"widget\" data-widget_type=\"spacer.default\">\n\t\t\t\t<div class=\"elementor-widget-container\">\n\t\t\t<style>\/*! elementor - v3.22.0 - 26-06-2024 *\/\n.elementor-column .elementor-spacer-inner{height:var(--spacer-size)}.e-con{--container-widget-width:100%}.e-con-inner>.elementor-widget-spacer,.e-con>.elementor-widget-spacer{width:var(--container-widget-width,var(--spacer-size));--align-self:var(--container-widget-align-self,initial);--flex-shrink:0}.e-con-inner>.elementor-widget-spacer>.elementor-widget-container,.e-con>.elementor-widget-spacer>.elementor-widget-container{height:100%;width:100%}.e-con-inner>.elementor-widget-spacer>.elementor-widget-container>.elementor-spacer,.e-con>.elementor-widget-spacer>.elementor-widget-container>.elementor-spacer{height:100%}.e-con-inner>.elementor-widget-spacer>.elementor-widget-container>.elementor-spacer>.elementor-spacer-inner,.e-con>.elementor-widget-spacer>.elementor-widget-container>.elementor-spacer>.elementor-spacer-inner{height:var(--container-widget-height,var(--spacer-size))}.e-con-inner>.elementor-widget-spacer.elementor-widget-empty,.e-con>.elementor-widget-spacer.elementor-widget-empty{position:relative;min-height:22px;min-width:22px}.e-con-inner>.elementor-widget-spacer.elementor-widget-empty .elementor-widget-empty-icon,.e-con>.elementor-widget-spacer.elementor-widget-empty .elementor-widget-empty-icon{position:absolute;top:0;bottom:0;left:0;right:0;margin:auto;padding:0;width:22px;height:22px}<\/style>\t\t<div class=\"elementor-spacer\">\n\t\t\t<div class=\"elementor-spacer-inner\"><\/div>\n\t\t<\/div>\n\t\t\t\t<\/div>\n\t\t\t\t<\/div>\n\t\t\t\t<div class=\"elementor-element elementor-element-2d26cfc elementor-widget elementor-widget-heading\" data-id=\"2d26cfc\" data-element_type=\"widget\" data-widget_type=\"heading.default\">\n\t\t\t\t<div class=\"elementor-widget-container\">\n\t\t\t<style>\/*! elementor - v3.22.0 - 26-06-2024 *\/\n.elementor-heading-title{padding:0;margin:0;line-height:1}.elementor-widget-heading .elementor-heading-title[class*=elementor-size-]>a{color:inherit;font-size:inherit;line-height:inherit}.elementor-widget-heading .elementor-heading-title.elementor-size-small{font-size:15px}.elementor-widget-heading .elementor-heading-title.elementor-size-medium{font-size:19px}.elementor-widget-heading .elementor-heading-title.elementor-size-large{font-size:29px}.elementor-widget-heading .elementor-heading-title.elementor-size-xl{font-size:39px}.elementor-widget-heading .elementor-heading-title.elementor-size-xxl{font-size:59px}<\/style><h2 class=\"elementor-heading-title elementor-size-default\">Formen<\/h2>\t\t<\/div>\n\t\t\t\t<\/div>\n\t\t\t\t<div class=\"elementor-element elementor-element-237caf0 elementor-widget elementor-widget-image\" data-id=\"237caf0\" data-element_type=\"widget\" data-widget_type=\"image.default\">\n\t\t\t\t<div class=\"elementor-widget-container\">\n\t\t\t<style>\/*! elementor - v3.22.0 - 26-06-2024 *\/\n.elementor-widget-image{text-align:center}.elementor-widget-image a{display:inline-block}.elementor-widget-image a img[src$=\".svg\"]{width:48px}.elementor-widget-image img{vertical-align:middle;display:inline-block}<\/style>\t\t\t\t\t\t\t\t\t\t<img decoding=\"async\" width=\"50\" height=\"5\" src=\"https:\/\/martin-ardouin.de\/showroom\/Enije_Styleguide\/wp-content\/uploads\/2023\/10\/Texttrenner_ZickZack.svg\" class=\"attachment-full size-full wp-image-110\" alt=\"\" \/>\t\t\t\t\t\t\t\t\t\t\t\t\t<\/div>\n\t\t\t\t<\/div>\n\t\t\t\t<div class=\"elementor-element elementor-element-76c17bc elementor-widget elementor-widget-text-editor\" data-id=\"76c17bc\" data-element_type=\"widget\" data-widget_type=\"text-editor.default\">\n\t\t\t\t<div class=\"elementor-widget-container\">\n\t\t\t<style>\/*! elementor - v3.22.0 - 26-06-2024 *\/\n.elementor-widget-text-editor.elementor-drop-cap-view-stacked .elementor-drop-cap{background-color:#69727d;color:#fff}.elementor-widget-text-editor.elementor-drop-cap-view-framed .elementor-drop-cap{color:#69727d;border:3px solid;background-color:transparent}.elementor-widget-text-editor:not(.elementor-drop-cap-view-default) .elementor-drop-cap{margin-top:8px}.elementor-widget-text-editor:not(.elementor-drop-cap-view-default) .elementor-drop-cap-letter{width:1em;height:1em}.elementor-widget-text-editor .elementor-drop-cap{float:left;text-align:center;line-height:1;font-size:50px}.elementor-widget-text-editor .elementor-drop-cap-letter{display:inline-block}<\/style>\t\t\t\t<p class=\"zheditor-p\" data-block-id=\"8b40228eda\" data-pm-slice=\"1 1 []\">Verschiedene Formen im tribalen Look k\u00f6nnen als Grafikelemente dienen, um das Layout interessanter zu gestalten.<\/p>\t\t\t\t\t\t<\/div>\n\t\t\t\t<\/div>\n\t\t\t\t<\/div>\n\t\t<div class=\"elementor-element elementor-element-306e87a e-con-full elementor-hidden-mobile e-flex e-con e-child\" data-id=\"306e87a\" data-element_type=\"container\" data-settings=\"{&quot;sticky&quot;:&quot;top&quot;,&quot;sticky_offset&quot;:162,&quot;sticky_on&quot;:[&quot;widescreen&quot;,&quot;desktop&quot;,&quot;laptop&quot;,&quot;tablet_extra&quot;,&quot;tablet&quot;,&quot;mobile_extra&quot;,&quot;mobile&quot;],&quot;sticky_effects_offset&quot;:0}\">\n\t\t\t\t<div class=\"elementor-element elementor-element-0592b85 elementor-nav-menu__align-left elementor-nav-menu--dropdown-none elementor-widget-mobile_extra__width-inherit elementor-widget elementor-widget-nav-menu\" data-id=\"0592b85\" data-element_type=\"widget\" data-settings=\"{&quot;layout&quot;:&quot;vertical&quot;,&quot;submenu_icon&quot;:{&quot;value&quot;:&quot;&lt;i class=\\&quot;fas fa-caret-down\\&quot;&gt;&lt;\\\/i&gt;&quot;,&quot;library&quot;:&quot;fa-solid&quot;}}\" data-widget_type=\"nav-menu.default\">\n\t\t\t\t<div class=\"elementor-widget-container\">\n\t\t\t<link rel=\"stylesheet\" href=\"https:\/\/martin-ardouin.de\/showroom\/Enije_Styleguide\/wp-content\/uploads\/elementor\/css\/custom-pro-widget-nav-menu.min.css?ver=1730822197\">\t\t\t<nav class=\"elementor-nav-menu--main elementor-nav-menu__container elementor-nav-menu--layout-vertical e--pointer-background e--animation-fade\">\n\t\t\t\t<ul id=\"menu-1-0592b85\" class=\"elementor-nav-menu sm-vertical\"><li class=\"menu-item menu-item-type-post_type menu-item-object-page menu-item-495\"><a href=\"https:\/\/martin-ardouin.de\/showroom\/Enije_Styleguide\/farben\/\" class=\"elementor-item\">Farben<\/a><\/li>\n<li class=\"menu-item menu-item-type-post_type menu-item-object-page menu-item-493\"><a href=\"https:\/\/martin-ardouin.de\/showroom\/Enije_Styleguide\/typografie\/\" class=\"elementor-item\">Typografie<\/a><\/li>\n<li class=\"menu-item menu-item-type-post_type menu-item-object-page menu-item-494\"><a href=\"https:\/\/martin-ardouin.de\/showroom\/Enije_Styleguide\/formen\/\" class=\"elementor-item\">Formen<\/a><\/li>\n<li class=\"menu-item menu-item-type-post_type menu-item-object-page menu-item-625\"><a href=\"https:\/\/martin-ardouin.de\/showroom\/Enije_Styleguide\/bildwelt\/\" class=\"elementor-item\">Bildwelt<\/a><\/li>\n<li class=\"menu-item menu-item-type-post_type menu-item-object-page menu-item-605\"><a href=\"https:\/\/martin-ardouin.de\/showroom\/Enije_Styleguide\/beispiele\/\" class=\"elementor-item\">Anwendungsbeispiele<\/a><\/li>\n<\/ul>\t\t\t<\/nav>\n\t\t\t\t\t\t<nav class=\"elementor-nav-menu--dropdown elementor-nav-menu__container\" aria-hidden=\"true\">\n\t\t\t\t<ul id=\"menu-2-0592b85\" class=\"elementor-nav-menu sm-vertical\"><li class=\"menu-item menu-item-type-post_type menu-item-object-page menu-item-495\"><a href=\"https:\/\/martin-ardouin.de\/showroom\/Enije_Styleguide\/farben\/\" class=\"elementor-item\" tabindex=\"-1\">Farben<\/a><\/li>\n<li class=\"menu-item menu-item-type-post_type menu-item-object-page menu-item-493\"><a href=\"https:\/\/martin-ardouin.de\/showroom\/Enije_Styleguide\/typografie\/\" class=\"elementor-item\" tabindex=\"-1\">Typografie<\/a><\/li>\n<li class=\"menu-item menu-item-type-post_type menu-item-object-page menu-item-494\"><a href=\"https:\/\/martin-ardouin.de\/showroom\/Enije_Styleguide\/formen\/\" class=\"elementor-item\" tabindex=\"-1\">Formen<\/a><\/li>\n<li class=\"menu-item menu-item-type-post_type menu-item-object-page menu-item-625\"><a href=\"https:\/\/martin-ardouin.de\/showroom\/Enije_Styleguide\/bildwelt\/\" class=\"elementor-item\" tabindex=\"-1\">Bildwelt<\/a><\/li>\n<li class=\"menu-item menu-item-type-post_type menu-item-object-page menu-item-605\"><a href=\"https:\/\/martin-ardouin.de\/showroom\/Enije_Styleguide\/beispiele\/\" class=\"elementor-item\" tabindex=\"-1\">Anwendungsbeispiele<\/a><\/li>\n<\/ul>\t\t\t<\/nav>\n\t\t\t\t<\/div>\n\t\t\t\t<\/div>\n\t\t\t\t<\/div>\n\t\t\t\t\t<\/div>\n\t\t\t\t<\/div>\n\t\t<div class=\"elementor-element elementor-element-2df15ba e-flex e-con-boxed e-con e-parent\" data-id=\"2df15ba\" data-element_type=\"container\">\n\t\t\t\t\t<div class=\"e-con-inner\">\n\t\t<div class=\"elementor-element elementor-element-90450b8 e-con-full e-flex e-con e-child\" data-id=\"90450b8\" data-element_type=\"container\">\n\t\t\t\t<div class=\"elementor-element elementor-element-b4cc55a elementor-widget elementor-widget-text-editor\" data-id=\"b4cc55a\" data-element_type=\"widget\" data-widget_type=\"text-editor.default\">\n\t\t\t\t<div class=\"elementor-widget-container\">\n\t\t\t\t\t\t\t<p data-block-id=\"cd12f92522\" data-pm-slice=\"1 1 []\">Hier findest du ein paar Beispiele. Diese k\u00f6nnen im Grunde unendlich erweitert werden.\u00a0<\/p><p data-block-id=\"cd12f92522\" data-pm-slice=\"1 1 []\">Allerdings nicht ohne dabei ein paar Regeln\u00a0<span style=\"color: var( --e-global-color-text ); font-family: var( --e-global-typography-text-font-family ), Sans-serif; font-weight: var( --e-global-typography-text-font-weight ); text-align: var(--text-align); background-color: var( --e-global-color-700d31b );\">zu beachten: Vermeide gerade Linien, spitze Ecken und exakte Rundungen! Verwende ausschlie\u00dflich die Enije Farben, gib den Formen einen Pinsel-<\/span><span style=\"color: var( --e-global-color-text ); font-family: var( --e-global-typography-text-font-family ), Sans-serif; font-weight: var( --e-global-typography-text-font-weight ); text-align: var(--text-align); background-color: var( --e-global-color-700d31b );\">Look und dicke, fette Konturen. Auf keinen Fall\u00a0<\/span><span style=\"color: var( --e-global-color-text ); font-family: var( --e-global-typography-text-font-family ), Sans-serif; font-weight: var( --e-global-typography-text-font-weight ); text-align: var(--text-align); background-color: var( --e-global-color-700d31b );\">zu filigran oder zur\u00fcckhaltend!\u00a0<\/span><\/p>\t\t\t\t\t\t<\/div>\n\t\t\t\t<\/div>\n\t\t\t\t<div class=\"elementor-element elementor-element-7f8edb6 elementor-widget elementor-widget-spacer\" data-id=\"7f8edb6\" data-element_type=\"widget\" data-widget_type=\"spacer.default\">\n\t\t\t\t<div class=\"elementor-widget-container\">\n\t\t\t\t\t<div class=\"elementor-spacer\">\n\t\t\t<div class=\"elementor-spacer-inner\"><\/div>\n\t\t<\/div>\n\t\t\t\t<\/div>\n\t\t\t\t<\/div>\n\t\t\t\t<\/div>\n\t\t\t\t\t<\/div>\n\t\t\t\t<\/div>\n\t\t<div class=\"elementor-element elementor-element-d4879f8 e-flex e-con-boxed e-con e-parent\" data-id=\"d4879f8\" data-element_type=\"container\">\n\t\t\t\t\t<div class=\"e-con-inner\">\n\t\t<div class=\"elementor-element elementor-element-f2b73c8 e-con-full e-flex e-con e-child\" data-id=\"f2b73c8\" data-element_type=\"container\">\n\t\t\t\t<div class=\"elementor-element elementor-element-e56083f elementor-widget elementor-widget-heading\" data-id=\"e56083f\" data-element_type=\"widget\" data-widget_type=\"heading.default\">\n\t\t\t\t<div class=\"elementor-widget-container\">\n\t\t\t<h4 class=\"elementor-heading-title elementor-size-default\">Kreise<\/h4>\t\t<\/div>\n\t\t\t\t<\/div>\n\t\t\t\t<div class=\"elementor-element elementor-element-46db2dd elementor-widget elementor-widget-image\" data-id=\"46db2dd\" data-element_type=\"widget\" data-widget_type=\"image.default\">\n\t\t\t\t<div class=\"elementor-widget-container\">\n\t\t\t\t\t\t\t\t\t\t\t\t\t<img fetchpriority=\"high\" decoding=\"async\" width=\"800\" height=\"747\" src=\"https:\/\/martin-ardouin.de\/showroom\/Enije_Styleguide\/wp-content\/uploads\/2024\/07\/Kreise-2-1024x956.jpg\" class=\"attachment-large size-large wp-image-595\" alt=\"\" srcset=\"https:\/\/martin-ardouin.de\/showroom\/Enije_Styleguide\/wp-content\/uploads\/2024\/07\/Kreise-2-1024x956.jpg 1024w, https:\/\/martin-ardouin.de\/showroom\/Enije_Styleguide\/wp-content\/uploads\/2024\/07\/Kreise-2-300x280.jpg 300w, https:\/\/martin-ardouin.de\/showroom\/Enije_Styleguide\/wp-content\/uploads\/2024\/07\/Kreise-2-768x717.jpg 768w, https:\/\/martin-ardouin.de\/showroom\/Enije_Styleguide\/wp-content\/uploads\/2024\/07\/Kreise-2-1536x1435.jpg 1536w, https:\/\/martin-ardouin.de\/showroom\/Enije_Styleguide\/wp-content\/uploads\/2024\/07\/Kreise-2-2048x1913.jpg 2048w\" sizes=\"(max-width: 800px) 100vw, 800px\" \/>\t\t\t\t\t\t\t\t\t\t\t\t\t<\/div>\n\t\t\t\t<\/div>\n\t\t\t\t<div class=\"elementor-element elementor-element-d3eaf30 elementor-widget elementor-widget-spacer\" data-id=\"d3eaf30\" data-element_type=\"widget\" data-widget_type=\"spacer.default\">\n\t\t\t\t<div class=\"elementor-widget-container\">\n\t\t\t\t\t<div class=\"elementor-spacer\">\n\t\t\t<div class=\"elementor-spacer-inner\"><\/div>\n\t\t<\/div>\n\t\t\t\t<\/div>\n\t\t\t\t<\/div>\n\t\t\t\t<\/div>\n\t\t<div class=\"elementor-element elementor-element-7bac267 e-con-full e-flex e-con e-child\" data-id=\"7bac267\" data-element_type=\"container\">\n\t\t\t\t<div class=\"elementor-element elementor-element-0684611 elementor-widget elementor-widget-heading\" data-id=\"0684611\" data-element_type=\"widget\" data-widget_type=\"heading.default\">\n\t\t\t\t<div class=\"elementor-widget-container\">\n\t\t\t<h4 class=\"elementor-heading-title elementor-size-default\">Rauten<\/h4>\t\t<\/div>\n\t\t\t\t<\/div>\n\t\t\t\t<div class=\"elementor-element elementor-element-143838d elementor-widget elementor-widget-image\" data-id=\"143838d\" data-element_type=\"widget\" data-widget_type=\"image.default\">\n\t\t\t\t<div class=\"elementor-widget-container\">\n\t\t\t\t\t\t\t\t\t\t\t\t\t<img decoding=\"async\" width=\"800\" height=\"719\" src=\"https:\/\/martin-ardouin.de\/showroom\/Enije_Styleguide\/wp-content\/uploads\/2024\/07\/Rauten-1024x920.jpg\" class=\"attachment-large size-large wp-image-598\" alt=\"\" srcset=\"https:\/\/martin-ardouin.de\/showroom\/Enije_Styleguide\/wp-content\/uploads\/2024\/07\/Rauten-1024x920.jpg 1024w, https:\/\/martin-ardouin.de\/showroom\/Enije_Styleguide\/wp-content\/uploads\/2024\/07\/Rauten-300x270.jpg 300w, https:\/\/martin-ardouin.de\/showroom\/Enije_Styleguide\/wp-content\/uploads\/2024\/07\/Rauten-768x690.jpg 768w, https:\/\/martin-ardouin.de\/showroom\/Enije_Styleguide\/wp-content\/uploads\/2024\/07\/Rauten-1536x1381.jpg 1536w, https:\/\/martin-ardouin.de\/showroom\/Enije_Styleguide\/wp-content\/uploads\/2024\/07\/Rauten-2048x1841.jpg 2048w\" sizes=\"(max-width: 800px) 100vw, 800px\" \/>\t\t\t\t\t\t\t\t\t\t\t\t\t<\/div>\n\t\t\t\t<\/div>\n\t\t\t\t<div class=\"elementor-element elementor-element-c5b5f1a elementor-widget elementor-widget-spacer\" data-id=\"c5b5f1a\" data-element_type=\"widget\" data-widget_type=\"spacer.default\">\n\t\t\t\t<div class=\"elementor-widget-container\">\n\t\t\t\t\t<div class=\"elementor-spacer\">\n\t\t\t<div class=\"elementor-spacer-inner\"><\/div>\n\t\t<\/div>\n\t\t\t\t<\/div>\n\t\t\t\t<\/div>\n\t\t\t\t<\/div>\n\t\t<div class=\"elementor-element elementor-element-a3a8c42 e-con-full e-flex e-con e-child\" data-id=\"a3a8c42\" data-element_type=\"container\">\n\t\t\t\t<div class=\"elementor-element elementor-element-a55d74e elementor-widget elementor-widget-heading\" data-id=\"a55d74e\" data-element_type=\"widget\" data-widget_type=\"heading.default\">\n\t\t\t\t<div class=\"elementor-widget-container\">\n\t\t\t<h4 class=\"elementor-heading-title elementor-size-default\">Kringel<\/h4>\t\t<\/div>\n\t\t\t\t<\/div>\n\t\t\t\t<div class=\"elementor-element elementor-element-f1858fe elementor-widget elementor-widget-image\" data-id=\"f1858fe\" data-element_type=\"widget\" data-widget_type=\"image.default\">\n\t\t\t\t<div class=\"elementor-widget-container\">\n\t\t\t\t\t\t\t\t\t\t\t\t\t<img loading=\"lazy\" decoding=\"async\" width=\"800\" height=\"684\" src=\"https:\/\/martin-ardouin.de\/showroom\/Enije_Styleguide\/wp-content\/uploads\/2024\/07\/Kringel-1024x876.jpg\" class=\"attachment-large size-large wp-image-597\" alt=\"\" srcset=\"https:\/\/martin-ardouin.de\/showroom\/Enije_Styleguide\/wp-content\/uploads\/2024\/07\/Kringel-1024x876.jpg 1024w, https:\/\/martin-ardouin.de\/showroom\/Enije_Styleguide\/wp-content\/uploads\/2024\/07\/Kringel-300x257.jpg 300w, https:\/\/martin-ardouin.de\/showroom\/Enije_Styleguide\/wp-content\/uploads\/2024\/07\/Kringel-768x657.jpg 768w, https:\/\/martin-ardouin.de\/showroom\/Enije_Styleguide\/wp-content\/uploads\/2024\/07\/Kringel-1536x1315.jpg 1536w, https:\/\/martin-ardouin.de\/showroom\/Enije_Styleguide\/wp-content\/uploads\/2024\/07\/Kringel-2048x1753.jpg 2048w\" sizes=\"(max-width: 800px) 100vw, 800px\" \/>\t\t\t\t\t\t\t\t\t\t\t\t\t<\/div>\n\t\t\t\t<\/div>\n\t\t\t\t<div class=\"elementor-element elementor-element-62938c6 elementor-widget elementor-widget-spacer\" data-id=\"62938c6\" data-element_type=\"widget\" data-widget_type=\"spacer.default\">\n\t\t\t\t<div class=\"elementor-widget-container\">\n\t\t\t\t\t<div class=\"elementor-spacer\">\n\t\t\t<div class=\"elementor-spacer-inner\"><\/div>\n\t\t<\/div>\n\t\t\t\t<\/div>\n\t\t\t\t<\/div>\n\t\t\t\t<\/div>\n\t\t<div class=\"elementor-element elementor-element-8d28fd3 e-con-full e-flex e-con e-child\" data-id=\"8d28fd3\" data-element_type=\"container\">\n\t\t\t\t<div class=\"elementor-element elementor-element-77619fc elementor-widget elementor-widget-heading\" data-id=\"77619fc\" data-element_type=\"widget\" data-widget_type=\"heading.default\">\n\t\t\t\t<div class=\"elementor-widget-container\">\n\t\t\t<h4 class=\"elementor-heading-title elementor-size-default\">Muster<\/h4>\t\t<\/div>\n\t\t\t\t<\/div>\n\t\t\t\t<div class=\"elementor-element elementor-element-1b4ec5c elementor-widget elementor-widget-image\" data-id=\"1b4ec5c\" data-element_type=\"widget\" data-widget_type=\"image.default\">\n\t\t\t\t<div class=\"elementor-widget-container\">\n\t\t\t\t\t\t\t\t\t\t\t\t\t<img loading=\"lazy\" decoding=\"async\" width=\"800\" height=\"357\" src=\"https:\/\/martin-ardouin.de\/showroom\/Enije_Styleguide\/wp-content\/uploads\/2024\/07\/Muster-1024x457.jpg\" class=\"attachment-large size-large wp-image-589\" alt=\"\" srcset=\"https:\/\/martin-ardouin.de\/showroom\/Enije_Styleguide\/wp-content\/uploads\/2024\/07\/Muster-1024x457.jpg 1024w, https:\/\/martin-ardouin.de\/showroom\/Enije_Styleguide\/wp-content\/uploads\/2024\/07\/Muster-300x134.jpg 300w, https:\/\/martin-ardouin.de\/showroom\/Enije_Styleguide\/wp-content\/uploads\/2024\/07\/Muster-768x343.jpg 768w, https:\/\/martin-ardouin.de\/showroom\/Enije_Styleguide\/wp-content\/uploads\/2024\/07\/Muster-1536x685.jpg 1536w, https:\/\/martin-ardouin.de\/showroom\/Enije_Styleguide\/wp-content\/uploads\/2024\/07\/Muster-2048x914.jpg 2048w\" sizes=\"(max-width: 800px) 100vw, 800px\" \/>\t\t\t\t\t\t\t\t\t\t\t\t\t<\/div>\n\t\t\t\t<\/div>\n\t\t\t\t<div class=\"elementor-element elementor-element-c11fbec elementor-widget elementor-widget-text-editor\" data-id=\"c11fbec\" data-element_type=\"widget\" data-widget_type=\"text-editor.default\">\n\t\t\t\t<div class=\"elementor-widget-container\">\n\t\t\t\t\t\t\t<p data-block-id=\"cd12f92522\" data-pm-slice=\"1 1 []\">Auch Muster k\u00f6nnen das Layout interessanter gestalten. Sie eignen sich besonders gut als Hintergrund. M\u00f6chte man Text auf Ihnen platzieren, sollte man allerdings darauf achten, sie nur abgeschw\u00e4cht einzusetzen.<\/p><p data-block-id=\"cd12f92522\" data-pm-slice=\"1 1 []\">Was Muster anbelangt,\u00a0<span style=\"color: var( --e-global-color-text ); font-family: var( --e-global-typography-text-font-family ), Sans-serif; font-weight: var( --e-global-typography-text-font-weight ); text-align: var(--text-align); background-color: var( --e-global-color-700d31b );\">sind der Kreativit\u00e4t kaum Grenzen gesetzt,\u00a0<\/span>aber auch hier gilt: Vermeide gerade Linien, spitze Ecken und exakte Rundungen! Verwende ausschlie\u00dflich die Enije Farben, gib den Formen einen Pinsel-Look und dicke, fette Konturen. Auf keinen Fall zu filigran oder zur\u00fcckhaltend!\u00a0<\/p>\t\t\t\t\t\t<\/div>\n\t\t\t\t<\/div>\n\t\t\t\t<div class=\"elementor-element elementor-element-4d495a4 elementor-widget elementor-widget-spacer\" data-id=\"4d495a4\" data-element_type=\"widget\" data-widget_type=\"spacer.default\">\n\t\t\t\t<div class=\"elementor-widget-container\">\n\t\t\t\t\t<div class=\"elementor-spacer\">\n\t\t\t<div class=\"elementor-spacer-inner\"><\/div>\n\t\t<\/div>\n\t\t\t\t<\/div>\n\t\t\t\t<\/div>\n\t\t\t\t<\/div>\n\t\t\t\t\t<\/div>\n\t\t\t\t<\/div>\n\t\t<div class=\"elementor-element elementor-element-bae76b6 e-flex e-con-boxed e-con e-parent\" data-id=\"bae76b6\" data-element_type=\"container\">\n\t\t\t\t\t<div class=\"e-con-inner\">\n\t\t<div class=\"elementor-element elementor-element-d0ba92b e-con-full e-flex e-con e-child\" data-id=\"d0ba92b\" data-element_type=\"container\">\n\t\t<div class=\"elementor-element elementor-element-fa6180c e-con-full e-flex e-con e-child\" data-id=\"fa6180c\" data-element_type=\"container\">\n\t\t\t\t<div class=\"elementor-element elementor-element-85c7ef5 elementor-widget elementor-widget-button\" data-id=\"85c7ef5\" data-element_type=\"widget\" data-widget_type=\"button.default\">\n\t\t\t\t<div class=\"elementor-widget-container\">\n\t\t\t\t\t<div class=\"elementor-button-wrapper\">\n\t\t\t<a class=\"elementor-button elementor-button-link elementor-size-sm\" href=\"https:\/\/martin-ardouin.de\/showroom\/Enije_Styleguide\/typografie\/\">\n\t\t\t\t\t\t<span class=\"elementor-button-content-wrapper\">\n\t\t\t\t\t\t<span class=\"elementor-button-icon\">\n\t\t\t\t<i aria-hidden=\"true\" class=\"fas fa-angle-left\"><\/i>\t\t\t<\/span>\n\t\t\t\t\t\t\t\t\t<span class=\"elementor-button-text\">Typografie<\/span>\n\t\t\t\t\t<\/span>\n\t\t\t\t\t<\/a>\n\t\t<\/div>\n\t\t\t\t<\/div>\n\t\t\t\t<\/div>\n\t\t\t\t<\/div>\n\t\t<div class=\"elementor-element elementor-element-0eb9b0e e-con-full e-flex e-con e-child\" data-id=\"0eb9b0e\" data-element_type=\"container\">\n\t\t\t\t<div class=\"elementor-element elementor-element-e943a4c elementor-widget elementor-widget-button\" data-id=\"e943a4c\" data-element_type=\"widget\" data-widget_type=\"button.default\">\n\t\t\t\t<div class=\"elementor-widget-container\">\n\t\t\t\t\t<div class=\"elementor-button-wrapper\">\n\t\t\t<a class=\"elementor-button elementor-button-link elementor-size-sm\" href=\"https:\/\/martin-ardouin.de\/showroom\/Enije_Styleguide\/bildwelt\/\">\n\t\t\t\t\t\t<span class=\"elementor-button-content-wrapper\">\n\t\t\t\t\t\t<span class=\"elementor-button-icon\">\n\t\t\t\t<i aria-hidden=\"true\" class=\"fas fa-angle-right\"><\/i>\t\t\t<\/span>\n\t\t\t\t\t\t\t\t\t<span class=\"elementor-button-text\">Bildwelt<\/span>\n\t\t\t\t\t<\/span>\n\t\t\t\t\t<\/a>\n\t\t<\/div>\n\t\t\t\t<\/div>\n\t\t\t\t<\/div>\n\t\t\t\t<\/div>\n\t\t\t\t<\/div>\n\t\t\t\t\t<\/div>\n\t\t\t\t<\/div>\n\t\t\t\t<\/div>\n\t\t","protected":false},"excerpt":{"rendered":"<p>Formen Verschiedene Formen im tribalen Look k\u00f6nnen als Grafikelemente dienen, um das Layout interessanter zu gestalten. Hier findest du ein paar Beispiele. Diese k\u00f6nnen im Grunde unendlich erweitert werden.\u00a0 Allerdings nicht ohne dabei ein paar Regeln\u00a0zu beachten: Vermeide gerade Linien, spitze Ecken und exakte Rundungen! Verwende ausschlie\u00dflich die Enije Farben, gib den Formen einen Pinsel-Look [&hellip;]<\/p>\n","protected":false},"author":1,"featured_media":0,"parent":0,"menu_order":0,"comment_status":"closed","ping_status":"closed","template":"","meta":{"_acf_changed":false,"inline_featured_image":false,"footnotes":""},"class_list":["post-459","page","type-page","status-publish","hentry"],"acf":[],"_links":{"self":[{"href":"https:\/\/martin-ardouin.de\/showroom\/Enije_Styleguide\/wp-json\/wp\/v2\/pages\/459","targetHints":{"allow":["GET"]}}],"collection":[{"href":"https:\/\/martin-ardouin.de\/showroom\/Enije_Styleguide\/wp-json\/wp\/v2\/pages"}],"about":[{"href":"https:\/\/martin-ardouin.de\/showroom\/Enije_Styleguide\/wp-json\/wp\/v2\/types\/page"}],"author":[{"embeddable":true,"href":"https:\/\/martin-ardouin.de\/showroom\/Enije_Styleguide\/wp-json\/wp\/v2\/users\/1"}],"replies":[{"embeddable":true,"href":"https:\/\/martin-ardouin.de\/showroom\/Enije_Styleguide\/wp-json\/wp\/v2\/comments?post=459"}],"version-history":[{"count":43,"href":"https:\/\/martin-ardouin.de\/showroom\/Enije_Styleguide\/wp-json\/wp\/v2\/pages\/459\/revisions"}],"predecessor-version":[{"id":1473,"href":"https:\/\/martin-ardouin.de\/showroom\/Enije_Styleguide\/wp-json\/wp\/v2\/pages\/459\/revisions\/1473"}],"wp:attachment":[{"href":"https:\/\/martin-ardouin.de\/showroom\/Enije_Styleguide\/wp-json\/wp\/v2\/media?parent=459"}],"curies":[{"name":"wp","href":"https:\/\/api.w.org\/{rel}","templated":true}]}}